10 - (-120 + 5 + -8 + 2 + 80 + -79)
110
Calculate 69 + 0 + (52 + -9 + -7 - 53).
52
What is -41 - -14 - (-14 - 33)?
20
What is the value of 79 - 51 - (1 + (-9 - 1))?
37
Evaluate 2032 + -2031 - (2 + -5 - 1 - 11).
16
What is (1 - 55) + (39 + -20 - 1) + -13?
-49
What is the value of 56 + -22 - 30 - 14?
-10
Calculate 10 - 14 - (-2 + -1 + (-16 - -13)).
2
What is -9 - (16 - ((10 - -31) + -106))?
-90
What is -2268 + 2195 - (12 + -3)?
-82
What is (2 + 9 - (-5 + 36 + (14 - 32))) + -27?
-29
Calculate (71 - (-42 + 78)) + (0 - 10).
25
(1 - 7) + -50 + -1 + -295 + 284
-68
Evaluate 55 + -5 + 46 + 36.
132
What is (34 - (-25 + 39) - (-3 + 15)) + 4?
12
45 + -130 + -13 + 96
-2
Evaluate (67 - (86 + -25) - (-2 - 0)) + -17.
-9
Calculate 49 + -361 + 486 + -38 + -1.
135
What is -52 - (9 + -14 - -9 - (13 - 8))?
-51
175 - 217 - ((0 - 10) + 2 + 1) - -1
-34
Evaluate (-2 - -4) + -89 + (-5 - -4) + -40 + 41.
-87
What is 14 + 43 + -50 - -47 - (24 - 1)?
31
What is the value of -1 - -30 - (272 + -256) - -21?
34
Calculate (-2 - 82) + (-16044 - -16011).
-117
Calculate 15 - -43 - 48 - (2 - -51 - -2).
-45
What is 10 - (5 + -20) - (64 + -63)?
24
Evaluate -19 + -12 + -6 + 14 + 84 + -67.
-6
29 + (2 + -8 + 8 - 22) - 12
-3
Evaluate (-7 - 125) + (1366 - 1256).
-22
Evaluate -48 + 39 - (7 + 3 + -4).
-15
Evaluate 35 - (-18 - -7 - -44).
2
Calculate -52 + (-30 + (37 - 13) - (-11 + 1)).
-48
What is the value of -42 + (38 - -14) + -6 + 2 + -64?
-58
What is the value of 73 - (-20 + 48) - 81?
-36
What is (-111 + 126 - (-16 + -2)) + -104?
-71
What is the value of -31 - (-82 - -43) - 29?
-21
Evaluate 14 - (8 + 4 - (9 - -5) - 44).
60
Evaluate (228 + -230 - (-6 - -1) - 3) + 47.
47
What is (-15 - -9 - 3) + (8 - 0) + 12?
11
Calculate 2 + -13 - (-20 - (-21 + 7)) - 25.
-30
-114 - (-104 - (25 - 28))
-13
What is the value of -40 - -27 - (-42 + -1 - (-3 - (4 - 6)))?
29
18 + -98 + 19 - (-1 + (5 - 20))
-45
-18 + -5 + (-10 - 23) + 84
28
Evaluate -880 - -854 - (113 + -4).
-135
Evaluate 51 + (31 - (-6 + -40 + 40)).
88
8 + -92 + -2 + (7 - 24 - -28)
-75
Calculate 74 - 25 - (-9 + 24) - -32.
66
(-147 - -136) + (-19 - 0)
-30
What is the value of 13 - (13 - -28) - (-5 - 0)?
-23
1 - (3 - (2 - 8)) - 41 - -9
-40
What is the value of (-23 - (-31 + 38) - -23) + -1 + 58?
50
14 - -17 - (23 + -19 + -1 + -1 - -2)
27
What is -27 + -10 + (-11 - (-22 - -7)) + 1 + 2?
-30
-44 + -3 + 14 + (4 + 0 - 13)
-42
-6 + (23 + -22 - -28) - (1 - 13)
35
Evaluate 7 + -7 + 28 + -2 - (-1 - -2).
25
What is -39 + -2 - -174 - 252?
-119
Evaluate -28 - ((5 - 23) + -16 + 18).
-12
-26 - (2 + 9 + -13 + -2)
-22
What is 17 + -19 + (28 - 16) + -24?
-14
What is -213 + -43 + 140 + 63?
-53
Evaluate 78 + -19 + -10 + 17 + -39 + 9.
36
Evaluate 48 - (78 + (102 - 74)).
-58
156 + 96 + -55 + -75
122
(-131 - 2 - 0) + (15 + 135 - 144) - 6
-133
Evaluate (42 + -30 - (1 + 10) - (-7 + 11)) + -34.
-37
(-20 - (2 + -3 + -3) - (104 + -111)) + 10
1
10 - (-6 - (-13 - 29) - -9) - 8
-43
What is the value of 11 + 16 + (17 - 0) + -42 + 86?
88
Evaluate (1 - 35 - (3657 + -3637)) + 1 + -18.
-71
20 - 18 - -4 - (-2 + (-1 - -4))
5
-53 + 159 - 134 - (1 - (-10 - -3))
-36
What is -15 + (4 - (-7 - -15) - (-3 - 66))?
50
48 - (-12 + 6) - (-120 + 97 + 16)
61
(10 - 0) + 6092 + -6141
-39
What is -31 - 4 - (103 + -161)?
23
24 - (6 + -3 - 17 - (0 - (9 - 5)))
34
What is the value of (37 + -9 - 2) + (-81 - -10)?
-45
25 - (88 - (-16 + 72))
-7
2 + -4 + -1 + -5 + (11 - -2)
5
Evaluate (-10 + -16 + 7 - 30) + 0 + -5.
-54
-42 + (36 - 45) - -68
17
What is the value of (-36 - (67 - 43)) + 65?
5
Calculate 126 - (-18 + (28 - 21) + (2 - -2) + 7).
126
93 + -99 + (8 - 44)
-42
Calculate -79 + 42 + 119 - 52.
30
Evaluate 32 - ((60 - 76) + 84).
-36
Calculate 1 - (-7 + 6 + -4 - (1 - -3)) - 0.
10
(-6 - 5) + -91 + 44
-58
What is -5 + 1 + -2 - (-4763 + 4868)?
-111
What is -37 + -1 + (4 - -5 - -96)?
67
What is -25 - (0 + 11 + 22 + -16)?
-42
-14 + (-84 + 105 - (-15 - -1))
21
What is (-40 - -42) + (5 + 1 - 45) + (3 - 2)?
-36
-9 + (-3 - (-1 - 1)) + (-4026 - -4029)
-7
Evaluate -67 + -2 - (116 - 109 - ((-3 - 4) + 25)).
-58
What is the value of (-28 - -5) + 9 + 2 + 37?
25
Evaluate -12273 - -12153 - (3 + (-21 - -1)).
-103
Evaluate ((10 - (30 - 15)) + -13 - (1 + -3)) + 58.
42
What is the value of 23 + -18 + (18 - (24 + -22))?
21
What is -209 + -7 - (1547 - 1660)?
-103
What is the value of (-2 - (-20 - -1)) + -31?
-14
Calculate 48 - (65 + 12 + -36).
7
What is (-41 - -37) + 2 + -3?
-5
Evaluate -8 + -50 - -73 - -97.
112
15 + -14 + 16 + 6 + 1
24
What is (204 - 215) + (4 - (3 - 70 - (-4 + 4)))?
60
What is the value of (-13 - (-2 - -3)) + (-192 - (5 + -100)) + -11?
-122
What is the value of (399 - 206) + -178 - (107 - (2 + -2))?
-92
Calculate 1252 + -1335 + -3 + 52.
-34
What is the value of 33 + -6 + (68 - 40 - 77)?
-22
4 + (-2 - -3) + -4 + 4 + 18 + -42
-19
What is -60 + -8 + 0 + -42 + 39 + (133 - 120)?
-58
Calculate 6 - (-42 - (-9 - 12 - -37)).
64
Calculate (-69 - (-7 + -2)) + (92 - 86).
-54
(1 - 1 - -1 - -6) + -115 + 286 + -215
-37
-9 + (-18 + 8 + 15 + -18 - -57)
35
Evaluate 5 - (-35 + -15) - 10 - (6 + 8 - 7).
38
Evaluate -8 + (-481 + 485 - (0 - ((27 - 0) + 2))).
25
Calculate -343 + 363 + -3 + 0 + 2 + 11.
30
Evaluate -3 + 37 - -13 - (8 + -4 + 2 + 2).
39
What is -1 + -129 - ((-41 - 9) + (28 - -5))?
-113
What is 56 + -23 + -32 + -32?
-31
Calculate 14 + 0 + 11 + -49.
-24
Calculate -18 + (-17 - -39) + 22.
26
Evaluate -17 - (-42 - -52) - -18.
-9
What is (18 - (-6 + 41 - 4)) + -132 - -18?
-127
-52 + (37 - 27 - 11 - 18)
-71
What is -1 + 45 + (-114 - -35 - -62)?
27
What is 3 - (-3 - (-3 - -4) - -17) - (1 + -36)?
25
Evaluate (123 - 18) + 0 + 19 + -31.
93
Calculate -10 - (-20 + 5 + (-21 - 4 - -2)).
28
Evaluate -51 + (5 - -53) + -46.
-39
What is 4 + 3 + (1 - -9 - 18) + 3 + -45?
-43
11 - (-8 - (-30 - 11)) - -26
4
Calculate -2 + -2 + 44 + -17 + 24.
47
Calculate 77 + -137 - -63 - (48 - 0).
-45
What is -17 - (-8 + -34) - (13 + -26)?
38
Evaluate 12 + -10 - (0 + -39 + 3 + -9 + 10).
37
What is the value of (-729 - -732) + (-55 - 1) + 6?
-47
9 + (58 + -20 - 20 - (-4 - -14 - -3))
14
What is the value of -20 + 31 + -10 + (-1 - -11) + -90?
-79
-6 + 1 + 2 + (157 - 161) + -5
-12
What is the value of (-34 + -92 - -71) + 12?
-43
What is 27 + 0 + 45 + -30 + 75?
117
What is the value of 38 - 0 - (1 + 22 - (7 + -51 + 75))?
46
-5 - (1 - 5) - (-28 - (-10 + 12 + -14))
15
What is -1 - -8 - 82 - (14 - -8)?
-97
Calculate -3 + -27 + 10 + 54 + -78.
-44
Evaluate (9 - (-9 - 0)) + (-16 - -20).
22
What is -1 + 26 - (-51 - (-57 - (29 - 35)))?
25
What is the value of 34 + -54 + (57 - (5 + -5))?
37
17 + -23 - (35 + 0 + (-8 - -14))
-47
What is 12 - (17 + (-10 - -11)) - 29?
-35
What is 12 + 0 + 4 - (-3 - -6) - 9 - -53?
57
What is the value of 4 - (92 - (34 - (11 + 0)))?
-65
Calculate -19 - (-22 - (15 - (-21 - -13))).
26
58 + (-2 + (-14 - 5) + 18 - (0 - -4))
51
What is the value of 7 - 50 - (-19 + 32) - (-5 + -2)?
-49
Calculate (87 - (31 + -4 + 37)) + (-144 - 0).
-121
What is the value of (-2 - (-48 - -49)) + -46?
-49
63 - ((-18 - -7) + 3 + (15 - 14) + 5)
65
What is -16 + (-1 + -20 - -95) + 2?
60
What is -136 - 106 - (-139 - -1)?
-104
What is the value of 3 - (3 + (0 - 8) + 5 - 2)?
5
4 + 18 - ((-32 - -12) + 26)
16
Evaluate -19 + 31 + (0 - 18) + -13.
-19
What is the value of 7 + 36 + -21 + -13 - (-13 - -2)?
20
What is the value of 43 - -23 - 58 - 5?
3
What is -3 + 17 + -30 + (114 - 10) - (4 - -10)?
74
Calculate -11 + (30 - -21 - 97).
-57
What is the value of 193 + -182 + -4 + 0 + -4 + (2 - 52)?
-47
What is (-15 - -19) + -12 + 5 + -10 + 3?
-10
What is 8 - ((3 - (-32 - -11)) + 5)?
-21
Evaluate -10 + (3 + 2 - -15) + 15.
25
What is the value of 137 - (221 - 108) - (89 - -3)?
-68
Evaluate 4 + 1 + -2 + (-124 + -71 + 83 - -72).
-37
21 - (-1 + 11 + -5 + -48)
64
What is the value of (18 - (-3 - -44) - -19) + -6 + -52?
-62
(-15 + -9 - (46 + -63)) + (0 - -1) + 51
45
12 + (38 - 34) + (-15 + -6 - 0)
-5
What is (0 - -29 - 2) + 20012 + -20026?
13
What is -8 - (6 - -9) - (10 + 7 + -16)?
-24
Calculate -24 + 11 + -107 + (-28 - -13) - (3 + -5).
-133
What is 83 + 113 + -29 + -203?
-36
-141 - 24 - (-30 + -73)
-62
What is the value of -1 + -4 - ((-91 - -3) + 23 + -24 + 11)?
73
Calculate -4 + 18 - (-6 + 33) - (50 - 0).
-63
What is -27 - -126 - (51 + 8)?
40
Evaluate 2 + 1 + -2 + (21 - 22).
0
What is (-6